{"id":1366,"date":"2024-05-24T12:59:43","date_gmt":"2024-05-24T15:59:43","guid":{"rendered":"https:\/\/sonido.com.br\/project\/meli_feitos-de-america-latina\/"},"modified":"2025-01-21T18:41:57","modified_gmt":"2025-01-21T21:41:57","slug":"meli_feitos-de-america-latina","status":"publish","type":"project","link":"https:\/\/sonido.com.br\/en\/project\/meli_feitos-de-america-latina\/","title":{"rendered":"MELI_Feitos de Am\u00e9rica Latina_Music production +SFX +V.O"},"content":{"rendered":"<p>[et_pb_section fb_built=&#8221;1&#8243; _builder_version=&#8221;4.16&#8243; _module_preset=&#8221;default&#8221; global_colors_info=&#8221;{}&#8221;][et_pb_row _builder_version=&#8221;4.16&#8243; _module_preset=&#8221;default&#8221; global_colors_info=&#8221;{}&#8221;][et_pb_column type=&#8221;4_4&#8243; _builder_version=&#8221;4.16&#8243; _module_preset=&#8221;default&#8221; global_colors_info=&#8221;{}&#8221;][et_pb_code admin_label=&#8221;V\u00eddeo incorporado&#8221; _builder_version=&#8221;4.27.4&#8243; _module_preset=&#8221;default&#8221; custom_margin=&#8221;||32px||false|false&#8221; global_colors_info=&#8221;{}&#8221;]<\/p>\n<div style=\"padding:56.25% 0 0 0;position:relative;\"><iframe src=\"https:\/\/player.vimeo.com\/video\/1026087034?badge=0&#038;autopause=0&#038;player_id=0&#038;app_id=58479\" frameborder=\"0\" allow=\"autoplay; fullscreen; picture-in-picture; clipboard-write; encrypted-media\" style=\"position:absolute;top:0;left:0;width:100%;height:100%;\" title=\"Mercado Livre | Feitos de Am\u00e9rica Latina\"><\/iframe><\/div>\n<p><script src=\"https:\/\/player.vimeo.com\/api\/player.js\"><\/script>[\/et_pb_code][et_pb_post_title meta=&#8221;off&#8221; featured_image=&#8221;off&#8221; text_color=&#8221;light&#8221; admin_label=&#8221;T\u00edtulo da Publica\u00e7\u00e3o&#8221; _builder_version=&#8221;4.14.1&#8243; _module_preset=&#8221;default&#8221; title_text_align=&#8221;center&#8221; title_font_size=&#8221;28px&#8221; custom_margin=&#8221;|auto||auto|false|true&#8221; custom_css_main_element=&#8221;display: table;&#8221; global_module=&#8221;135&#8243; saved_tabs=&#8221;all&#8221; global_colors_info=&#8221;{}&#8221;][\/et_pb_post_title][et_pb_text admin_label=&#8221;Shortcode (Excerpt)&#8221; _builder_version=&#8221;4.17.0&#8243; _module_preset=&#8221;default&#8221; text_orientation=&#8221;center&#8221; background_layout=&#8221;dark&#8221; global_module=&#8221;488&#8243; global_colors_info=&#8221;{}&#8221;]<\/p>\n<p>Music production +SFX +V.O<\/p>\n\n<p>[\/et_pb_text][\/et_pb_column][\/et_pb_row][\/et_pb_section]<\/p>\n","protected":false},"excerpt":{"rendered":"<p>Music production +SFX +V.O<\/p>\n","protected":false},"author":2,"featured_media":1251,"comment_status":"open","ping_status":"closed","template":"","meta":{"_et_pb_use_builder":"on","_et_pb_old_content":"","_et_gb_content_width":"","footnotes":""},"project_category":[29],"project_tag":[],"class_list":["post-1366","project","type-project","status-publish","has-post-thumbnail","hentry","project_category-home-en"],"yoast_head":"<!-- This site is optimized with the Yoast SEO plugin v26.9 - https:\/\/yoast.com\/product\/yoast-seo-wordpress\/ -->\n<title>MELI_Feitos de Am\u00e9rica Latina | SONIDO<\/title>\n<meta name=\"robots\" content=\"index, follow, max-snippet:-1, max-image-preview:large, max-video-preview:-1\" \/>\n<link rel=\"canonical\" href=\"https:\/\/sonido.com.br\/en\/project\/meli_feitos-de-america-latina\/\" \/>\n<meta property=\"og:locale\" content=\"en_US\" \/>\n<meta property=\"og:type\" content=\"article\" \/>\n<meta property=\"og:title\" content=\"MELI_Feitos de Am\u00e9rica Latina | SONIDO\" \/>\n<meta property=\"og:description\" content=\"Music production +SFX +V.O\" \/>\n<meta property=\"og:url\" content=\"https:\/\/sonido.com.br\/en\/project\/meli_feitos-de-america-latina\/\" \/>\n<meta property=\"og:site_name\" content=\"SONIDO\" \/>\n<meta property=\"article:modified_time\" content=\"2025-01-21T21:41:57+00:00\" \/>\n<meta property=\"og:image\" content=\"https:\/\/sonido.com.br\/wp-content\/uploads\/2024\/05\/Screen-Shot-2024-05-24-at-4.57.49-PM.png\" \/>\n\t<meta property=\"og:image:width\" content=\"851\" \/>\n\t<meta property=\"og:image:height\" content=\"477\" \/>\n\t<meta property=\"og:image:type\" content=\"image\/png\" \/>\n<meta name=\"twitter:card\" content=\"summary_large_image\" \/>\n<meta name=\"twitter:label1\" content=\"Est. reading time\" \/>\n\t<meta name=\"twitter:data1\" content=\"1 minute\" \/>\n<script type=\"application\/ld+json\" class=\"yoast-schema-graph\">{\"@context\":\"https:\/\/schema.org\",\"@graph\":[{\"@type\":\"WebPage\",\"@id\":\"https:\/\/sonido.com.br\/en\/project\/meli_feitos-de-america-latina\/\",\"url\":\"https:\/\/sonido.com.br\/en\/project\/meli_feitos-de-america-latina\/\",\"name\":\"MELI_Feitos de Am\u00e9rica Latina | SONIDO\",\"isPartOf\":{\"@id\":\"https:\/\/sonido.com.br\/en\/#website\"},\"primaryImageOfPage\":{\"@id\":\"https:\/\/sonido.com.br\/en\/project\/meli_feitos-de-america-latina\/#primaryimage\"},\"image\":{\"@id\":\"https:\/\/sonido.com.br\/en\/project\/meli_feitos-de-america-latina\/#primaryimage\"},\"thumbnailUrl\":\"https:\/\/sonido.com.br\/wp-content\/uploads\/2024\/05\/Screen-Shot-2024-05-24-at-4.57.49-PM.png\",\"datePublished\":\"2024-05-24T15:59:43+00:00\",\"dateModified\":\"2025-01-21T21:41:57+00:00\",\"breadcrumb\":{\"@id\":\"https:\/\/sonido.com.br\/en\/project\/meli_feitos-de-america-latina\/#breadcrumb\"},\"inLanguage\":\"en-US\",\"potentialAction\":[{\"@type\":\"ReadAction\",\"target\":[\"https:\/\/sonido.com.br\/en\/project\/meli_feitos-de-america-latina\/\"]}]},{\"@type\":\"ImageObject\",\"inLanguage\":\"en-US\",\"@id\":\"https:\/\/sonido.com.br\/en\/project\/meli_feitos-de-america-latina\/#primaryimage\",\"url\":\"https:\/\/sonido.com.br\/wp-content\/uploads\/2024\/05\/Screen-Shot-2024-05-24-at-4.57.49-PM.png\",\"contentUrl\":\"https:\/\/sonido.com.br\/wp-content\/uploads\/2024\/05\/Screen-Shot-2024-05-24-at-4.57.49-PM.png\",\"width\":851,\"height\":477},{\"@type\":\"BreadcrumbList\",\"@id\":\"https:\/\/sonido.com.br\/en\/project\/meli_feitos-de-america-latina\/#breadcrumb\",\"itemListElement\":[{\"@type\":\"ListItem\",\"position\":1,\"name\":\"In\u00edcio\",\"item\":\"https:\/\/sonido.com.br\/en\/\"},{\"@type\":\"ListItem\",\"position\":2,\"name\":\"Projects\",\"item\":\"https:\/\/sonido.com.br\/en\/project\/\"},{\"@type\":\"ListItem\",\"position\":3,\"name\":\"MELI_Feitos de Am\u00e9rica Latina\"}]},{\"@type\":\"WebSite\",\"@id\":\"https:\/\/sonido.com.br\/en\/#website\",\"url\":\"https:\/\/sonido.com.br\/en\/\",\"name\":\"SONIDO\",\"description\":\"\",\"potentialAction\":[{\"@type\":\"SearchAction\",\"target\":{\"@type\":\"EntryPoint\",\"urlTemplate\":\"https:\/\/sonido.com.br\/en\/?s={search_term_string}\"},\"query-input\":{\"@type\":\"PropertyValueSpecification\",\"valueRequired\":true,\"valueName\":\"search_term_string\"}}],\"inLanguage\":\"en-US\"}]}<\/script>\n<!-- \/ Yoast SEO plugin. -->","yoast_head_json":{"title":"MELI_Feitos de Am\u00e9rica Latina | SONIDO","robots":{"index":"index","follow":"follow","max-snippet":"max-snippet:-1","max-image-preview":"max-image-preview:large","max-video-preview":"max-video-preview:-1"},"canonical":"https:\/\/sonido.com.br\/en\/project\/meli_feitos-de-america-latina\/","og_locale":"en_US","og_type":"article","og_title":"MELI_Feitos de Am\u00e9rica Latina | SONIDO","og_description":"Music production +SFX +V.O","og_url":"https:\/\/sonido.com.br\/en\/project\/meli_feitos-de-america-latina\/","og_site_name":"SONIDO","article_modified_time":"2025-01-21T21:41:57+00:00","og_image":[{"width":851,"height":477,"url":"https:\/\/sonido.com.br\/wp-content\/uploads\/2024\/05\/Screen-Shot-2024-05-24-at-4.57.49-PM.png","type":"image\/png"}],"twitter_card":"summary_large_image","twitter_misc":{"Est. reading time":"1 minute"},"schema":{"@context":"https:\/\/schema.org","@graph":[{"@type":"WebPage","@id":"https:\/\/sonido.com.br\/en\/project\/meli_feitos-de-america-latina\/","url":"https:\/\/sonido.com.br\/en\/project\/meli_feitos-de-america-latina\/","name":"MELI_Feitos de Am\u00e9rica Latina | SONIDO","isPartOf":{"@id":"https:\/\/sonido.com.br\/en\/#website"},"primaryImageOfPage":{"@id":"https:\/\/sonido.com.br\/en\/project\/meli_feitos-de-america-latina\/#primaryimage"},"image":{"@id":"https:\/\/sonido.com.br\/en\/project\/meli_feitos-de-america-latina\/#primaryimage"},"thumbnailUrl":"https:\/\/sonido.com.br\/wp-content\/uploads\/2024\/05\/Screen-Shot-2024-05-24-at-4.57.49-PM.png","datePublished":"2024-05-24T15:59:43+00:00","dateModified":"2025-01-21T21:41:57+00:00","breadcrumb":{"@id":"https:\/\/sonido.com.br\/en\/project\/meli_feitos-de-america-latina\/#breadcrumb"},"inLanguage":"en-US","potentialAction":[{"@type":"ReadAction","target":["https:\/\/sonido.com.br\/en\/project\/meli_feitos-de-america-latina\/"]}]},{"@type":"ImageObject","inLanguage":"en-US","@id":"https:\/\/sonido.com.br\/en\/project\/meli_feitos-de-america-latina\/#primaryimage","url":"https:\/\/sonido.com.br\/wp-content\/uploads\/2024\/05\/Screen-Shot-2024-05-24-at-4.57.49-PM.png","contentUrl":"https:\/\/sonido.com.br\/wp-content\/uploads\/2024\/05\/Screen-Shot-2024-05-24-at-4.57.49-PM.png","width":851,"height":477},{"@type":"BreadcrumbList","@id":"https:\/\/sonido.com.br\/en\/project\/meli_feitos-de-america-latina\/#breadcrumb","itemListElement":[{"@type":"ListItem","position":1,"name":"In\u00edcio","item":"https:\/\/sonido.com.br\/en\/"},{"@type":"ListItem","position":2,"name":"Projects","item":"https:\/\/sonido.com.br\/en\/project\/"},{"@type":"ListItem","position":3,"name":"MELI_Feitos de Am\u00e9rica Latina"}]},{"@type":"WebSite","@id":"https:\/\/sonido.com.br\/en\/#website","url":"https:\/\/sonido.com.br\/en\/","name":"SONIDO","description":"","potentialAction":[{"@type":"SearchAction","target":{"@type":"EntryPoint","urlTemplate":"https:\/\/sonido.com.br\/en\/?s={search_term_string}"},"query-input":{"@type":"PropertyValueSpecification","valueRequired":true,"valueName":"search_term_string"}}],"inLanguage":"en-US"}]}},"jetpack_sharing_enabled":true,"_links":{"self":[{"href":"https:\/\/sonido.com.br\/en\/wp-json\/wp\/v2\/project\/1366","targetHints":{"allow":["GET"]}}],"collection":[{"href":"https:\/\/sonido.com.br\/en\/wp-json\/wp\/v2\/project"}],"about":[{"href":"https:\/\/sonido.com.br\/en\/wp-json\/wp\/v2\/types\/project"}],"author":[{"embeddable":true,"href":"https:\/\/sonido.com.br\/en\/wp-json\/wp\/v2\/users\/2"}],"replies":[{"embeddable":true,"href":"https:\/\/sonido.com.br\/en\/wp-json\/wp\/v2\/comments?post=1366"}],"version-history":[{"count":2,"href":"https:\/\/sonido.com.br\/en\/wp-json\/wp\/v2\/project\/1366\/revisions"}],"predecessor-version":[{"id":1415,"href":"https:\/\/sonido.com.br\/en\/wp-json\/wp\/v2\/project\/1366\/revisions\/1415"}],"wp:featuredmedia":[{"embeddable":true,"href":"https:\/\/sonido.com.br\/en\/wp-json\/wp\/v2\/media\/1251"}],"wp:attachment":[{"href":"https:\/\/sonido.com.br\/en\/wp-json\/wp\/v2\/media?parent=1366"}],"wp:term":[{"taxonomy":"project_category","embeddable":true,"href":"https:\/\/sonido.com.br\/en\/wp-json\/wp\/v2\/project_category?post=1366"},{"taxonomy":"project_tag","embeddable":true,"href":"https:\/\/sonido.com.br\/en\/wp-json\/wp\/v2\/project_tag?post=1366"}],"curies":[{"name":"wp","href":"https:\/\/api.w.org\/{rel}","templated":true}]}}

MELI_Feitos de América Latina_Music production +SFX +V.O

<p>[et_pb_section fb_built=&#8221;1&#8243; _builder_version=&#8221;4.16&#8243; _module_preset=&#8221;default&#8221; global_colors_info=&#8221;{}&#8221;][et_pb_row _builder_version=&#8221;4.16&#8243; _module_preset=&#8221;default&#8221; global_colors_info=&#8221;{}&#8221;][et_pb_column type=&#8221;4_4&#8243; _builder_version=&#8221;4.16&#8243; _module_preset=&#8221;default&#8221; global_colors_info=&#8221;{}&#8221;][et_pb_code admin_label=&#8221;Vídeo incorporado&#8221; _builder_version=&#8221;4.27.4&#8243; _module_preset=&#8221;default&#8221; custom_margin=&#8221;||32px||false|false&#8221; global_colors_info=&#8221;{}&#8221;]</p>
<div style="padding:56.25% 0 0 0;position:relative;"><iframe src="https://player.vimeo.com/video/1026087034?badge=0&#038;autopause=0&#038;player_id=0&#038;app_id=58479" frameborder="0" allow="autoplay; fullscreen; picture-in-picture; clipboard-write; encrypted-media" style="position:absolute;top:0;left:0;width:100%;height:100%;" title="Mercado Livre | Feitos de América Latina"></iframe></div>
<p><script src="https://player.vimeo.com/api/player.js"></script>[/et_pb_code][et_pb_post_title meta=&#8221;off&#8221; featured_image=&#8221;off&#8221; text_color=&#8221;light&#8221; admin_label=&#8221;Título da Publicação&#8221; _builder_version=&#8221;4.14.1&#8243; _module_preset=&#8221;default&#8221; title_text_align=&#8221;center&#8221; title_font_size=&#8221;28px&#8221; custom_margin=&#8221;|auto||auto|false|true&#8221; custom_css_main_element=&#8221;display: table;&#8221; global_module=&#8221;135&#8243; saved_tabs=&#8221;all&#8221; global_colors_info=&#8221;{}&#8221;][/et_pb_post_title][et_pb_text admin_label=&#8221;Shortcode (Excerpt)&#8221; _builder_version=&#8221;4.17.0&#8243; _module_preset=&#8221;default&#8221; text_orientation=&#8221;center&#8221; background_layout=&#8221;dark&#8221; global_module=&#8221;488&#8243; global_colors_info=&#8221;{}&#8221;]</p>
<p>Music production +SFX +V.O</p>

<p>[/et_pb_text][/et_pb_column][/et_pb_row][/et_pb_section]</p>

<!-- This site is optimized with the Yoast SEO plugin v26.9 - https://yoast.com/product/yoast-seo-wordpress/ -->
<title>MELI_Feitos de América Latina | SONIDO</title>
<meta name="robots" content="index, follow, max-snippet:-1, max-image-preview:large, max-video-preview:-1" />
<link rel="canonical" href="https://sonido.com.br/en/project/meli_feitos-de-america-latina/" />
<meta property="og:locale" content="en_US" />
<meta property="og:type" content="article" />
<meta property="og:title" content="MELI_Feitos de América Latina | SONIDO" />
<meta property="og:description" content="Music production +SFX +V.O" />
<meta property="og:url" content="https://sonido.com.br/en/project/meli_feitos-de-america-latina/" />
<meta property="og:site_name" content="SONIDO" />
<meta property="article:modified_time" content="2025-01-21T21:41:57+00:00" />
<meta property="og:image" content="https://sonido.com.br/wp-content/uploads/2024/05/Screen-Shot-2024-05-24-at-4.57.49-PM.png" />
	<meta property="og:image:width" content="851" />
	<meta property="og:image:height" content="477" />
	<meta property="og:image:type" content="image/png" />
<meta name="twitter:card" content="summary_large_image" />
<meta name="twitter:label1" content="Est. reading time" />
	<meta name="twitter:data1" content="1 minute" />
<script type="application/ld+json" class="yoast-schema-graph">{"@context":"https://schema.org","@graph":[{"@type":"WebPage","@id":"https://sonido.com.br/en/project/meli_feitos-de-america-latina/","url":"https://sonido.com.br/en/project/meli_feitos-de-america-latina/","name":"MELI_Feitos de América Latina | SONIDO","isPartOf":{"@id":"https://sonido.com.br/en/#website"},"primaryImageOfPage":{"@id":"https://sonido.com.br/en/project/meli_feitos-de-america-latina/#primaryimage"},"image":{"@id":"https://sonido.com.br/en/project/meli_feitos-de-america-latina/#primaryimage"},"thumbnailUrl":"https://sonido.com.br/wp-content/uploads/2024/05/Screen-Shot-2024-05-24-at-4.57.49-PM.png","datePublished":"2024-05-24T15:59:43+00:00","dateModified":"2025-01-21T21:41:57+00:00","breadcrumb":{"@id":"https://sonido.com.br/en/project/meli_feitos-de-america-latina/#breadcrumb"},"inLanguage":"en-US","potentialAction":[{"@type":"ReadAction","target":["https://sonido.com.br/en/project/meli_feitos-de-america-latina/"]}]},{"@type":"ImageObject","inLanguage":"en-US","@id":"https://sonido.com.br/en/project/meli_feitos-de-america-latina/#primaryimage","url":"https://sonido.com.br/wp-content/uploads/2024/05/Screen-Shot-2024-05-24-at-4.57.49-PM.png","contentUrl":"https://sonido.com.br/wp-content/uploads/2024/05/Screen-Shot-2024-05-24-at-4.57.49-PM.png","width":851,"height":477},{"@type":"BreadcrumbList","@id":"https://sonido.com.br/en/project/meli_feitos-de-america-latina/#breadcrumb","itemListElement":[{"@type":"ListItem","position":1,"name":"Início","item":"https://sonido.com.br/en/"},{"@type":"ListItem","position":2,"name":"Projects","item":"https://sonido.com.br/en/project/"},{"@type":"ListItem","position":3,"name":"MELI_Feitos de América Latina"}]},{"@type":"WebSite","@id":"https://sonido.com.br/en/#website","url":"https://sonido.com.br/en/","name":"SONIDO","description":"","potentialAction":[{"@type":"SearchAction","target":{"@type":"EntryPoint","urlTemplate":"https://sonido.com.br/en/?s={search_term_string}"},"query-input":{"@type":"PropertyValueSpecification","valueRequired":true,"valueName":"search_term_string"}}],"inLanguage":"en-US"}]}</script>
<!-- / Yoast SEO plugin. -->

MELI_Feitos de América Latina | SONIDO

Início

MELI_Feitos de América Latina
